. Calculate p(t).
-3
Let g(w) be the second derivative of -w**3/6 - w**2/2 - 3*w. Give g(2).
-3
Let u be 16/6 - 2/3. Let m be u + 1/2*0. Let n(p) = 2*p**2 - 2*p + 2. What is n(m)?
6
Let z(j) = -3*j + 4. Let s(l) = l**3 + 4*l**2 - 3*l + 7. Let w be s(-5). What is z(w)?
13
Let l(p) = -p**3 - p**2 + 3*p + 3. Let z be (-4 + (-1)/(-1))*-1. Suppose z*q + 3 = 3*n, 3*q + 19 - 4 = -3*n. Determine l(n).
1
Let g(u) = -6*u - 1 - 7*u + 14*u + u**2. Determine g(2).
5
Let z(j) = -16*j**3 + 3*j**2 - 6*j + 5. Let h(l) = l + 4*l - 2 + 15*l**3 - 2 - 2*l**2. Let a(p) = -5*h(p) - 4*z(p). Let c = 8 + -9. What is a(c)?
10
Let n(v) be the third derivative of -v**4/24 - 2*v**2. Suppose 3*m - 3 = 2*m. Determine n(m).
-3
Let c(v) = -6*v + 3. Let b(z) = -z**3 + 6*z**2 + 8*z - 5. Let i(o) = -o + 7. Let m be i(0). Let h be b(m). What is c(h)?
-9
Let q be 1*(1 + -1 - -5). Let f be q + 0/(-2 - 0). Suppose 0 = f*x - 10*x - 5. Let n(m) = 4*m**3 + m. What is n(x)?
-5
Let w(s) = 2*s**2 - 3 + 6*s**2 + 2 - 2*s**2. Suppose -3*i = -2*i - 4. Suppose -i*f - 1 = 3. What is w(f)?
5
Let n(w) = w + 3. Suppose -8*s + 16 = -8. Calculate n(s).
6
Let h(w) = -2*w**2 + w - 7. Let y(k) be the first derivative of -2*k**3/3 + k**2/2 - 6*k - 1. Let g(t) = 6*h(t) - 7*y(t). Determine g(2).
6
Let p(x) = -x + 3. Let q(h) = -h - 7. Let s be q(-10). Suppose -s*y = 2*y - 30. Calculate p(y).
-3
Let v(g) = -5*g**2 - 5*g + 2. Let s(a) = 9*a**2 + 7*a + 2*a + 3 - 4 - 3. Let c(y) = -3*s(y) - 5*v(y). Determine c(2).
-10
Suppose -z + 3 + 4 = 0. Let d(x) = 3*x - 11*x + 3*x - x**2 + z. Give d(-6).
1
Let o = -6 + 9. Let b(m) = 2*m**2 - 4*m. Calculate b(o).
6
Let f(y) be the third derivative of -y**5/30 - y**4/6 - y**3/3 + 5*y**2. Calculate f(-3).
-8
Let j be 6/(-15)*((-16)/4 - 1). Let u(m) = 6*m + 1. Determine u(j).
13
Let j(u) = -u**2 + 7*u + 3. Suppose -12*h = -11*h - 6. Determine j(h).
9
Let f = -5 + 2. Let z = 5 - 5. Let u = z + f. Let a(g) = -g**3 - 2*g**2 + 4*g + 1. Determine a(u).
-2
Let n be (1 + 3)/(3 + (2 - 4)). Let i(y) be the third derivative of y**6/120 - y**5/12 + 5*y**4/24 - y**3 + y**2. Determine i(n).
-2
Let n(p) = 6 - 2*p + 1 + p. What is n(0)?
7
Let o(j) = 2 + 15*j - 3 - 2 + 4. Determine o(1).
16
Let h(t) = t**2 - 6*t. Let y(f) = f. Let l(b) = -2*b + 4. Let i(o) = -l(o) - 5*y(o). Let r be i(-3). What is h(r)?
-5
Let z(s) = -s + 8. Let h(b) = -b**2 + b + 20. Let u be h(0). Let a = -13 + u. Determine z(a).
1
Let r(k) = -4*k**2 + 1 - 2*k**2 + 2*k**2. Suppose -3*z + 1 = 4. What is r(z)?
-3
Let s(w) be the second derivative of 3/2*w**2 + 3*w + 0*w**3 + 7/24*w**4 + 0. Let z(q) be the first derivative of s(q). Give z(1).
7
Let m be (4 - 1) + 3/(-1). Suppose m = 5*o + 24 - 9. Let h(b) = -b**3 - 4*b**2 - b - 2. What is h(o)?
-8
Let u(v) = 3*v**3 - v. Let a(j) = 2*j**3 - j. Let w(q) = -4*a(q) + 3*u(q). Let d be 16 + 0 + -1 - 2. Suppose 11*m + 2 = d*m. What is w(m)?
2
Suppose 5*i - 26 = 4. Let p(l) = l**3 - 6*l**2 + l + 2. Calculate p(i).
8
Let r = 7 - 4. Let q be 5 - (2 + -2 - -2). Let f(l) = 5 - r - 4*l + 5 + q*l. Give f(5).
2
Let r(k) = -1 - 6*k + 7*k + 1. Determine r(4).
4
Let v(i) be the third derivative of i**6/120 - i**5/10 + 2*i**3/3 - 5*i**2. Calculate v(6).
4
Let p(r) = -2*r**3 + 1 - 2*r - 2*r**3 + 3*r**3 + 3*r**2 + 3*r**2. Determine p(6).
-11
Let k be 21/(-35) + 1 + 24/(-10). Suppose 0 = -5*a + 12 + 18. Let g be -1 + 1/k*a. Let h(s) = -2*s - 6. What is h(g)?
2
Let w = 25 + -23. Let f(r) = 2*r**2 + 2*r - 3. What is f(w)?
9
Let g(v) be the first derivative of -v**4/4 + 2*v**3/3 - 3*v**2/2 + 3*v + 1. What is g(2)?
-3
Let s(y) be the second derivative of -1/2*y**2 + 1/6*y**3 + 4*y + 0 - 1/12*y**4 - 1/20*y**5. Suppose -4*t = -3*t + 3*g, 0 = g. Give s(t).
-1
Let v(o) be the first derivative of o**4/4 - 2*o - 5. What is v(2)?
6
Let p(k) be the second derivative of k**3/6 + k**2 + 6*k. Determine p(-4).
-2
Let m be (-2)/10 - (-22)/10. Let s(b) be the first derivative of b**m + 1 - 7/3*b**3 + b. What is s(-1)?
-8
Let j(s) be the third derivative of -s**5/30 + s**4/24 - s**3/3 - 4*s**2. Let a(p) = 3*p**2 - p + 3. Let b(l) = 4*a(l) + 7*j(l). Determine b(2).
-4
Let y(n) = 5*n**3 - n**2 + 22*n + 13. Let v(s) = -2*s**3 - 10*s - 6. Let x(f) = -7*v(f) - 3*y(f). Let m = 9 - 5. Calculate x(m).
3
Let n = 4 + -6. Let t(l) be the third derivative of -l**6/180 - l**5/60 - l**4/12 - l**3/6 - l**2. Let v(x) be the first derivative of t(x). What is v(n)?
-6
Let l(m) = m**2 - 4*m - 2. Let z be l(5). Let r(n) = 5*n - z*n + 2 + 2. What is r(-6)?
-8
Let x(t) be the second derivative of -t**3/6 - 21*t. Give x(-4).
4
Let f(b) be the third derivative of b**5/60 - b**4/12 + 4*b**2. Give f(4).
8
Suppose -11 = -3*x + 4. Suppose -2*l = -5*m + 9, -x*l + 2*m = 16 + 17. Let a = -6 - l. Let c(u) = 3*u**3 + u - 1. Give c(a).
3
Let i(v) be the second derivative of v**5/20 + 7*v**4/12 - v**3/3 + 3*v**2/2 - 7*v. Give i(-7).
17
Suppose 0 = -2*k + 3 + 1, 5 = -5*i + 5*k. Let t = 1 + 1. Let c(f) = -8*f**t - 3 + 1 + 0 + 1. Give c(i).
-9
Let b(f) = -5*f**2 + 3*f + 6. Let n(k) = 4*k**2 - 2*k - 5. Let x(i) = 3*b(i) + 4*n(i). Let m(v) = -v**3 - 3*v**2 - v + 2. Let r be m(-2). Determine x(r).
-2
Let q(n) = -2*n - 23. Let y be q(-12). Let r(t) = 2*t**2 + 1. What is r(y)?
3
Suppose -1 + 3 = 2*k. Let v(l) = -8*l - 7*l - 3*l + 4*l. Give v(k).
-14
Let x(m) = 9*m**2 - 2*m - 1. Let b be (-81)/1*(-6)/18. Suppose 0*o - 3*o = -b. Let i be 12/(-54) + (-7)/o. Give x(i).
10
Suppose 0 = l - 7*d + 3*d - 8, -2*l + 12 = -4*d. Suppose -l*t = -0*t - 36. Let q be ((-6)/(-4))/(t/24). Let v(n) = n**2 - 4*n - 4. Calculate v(q).
-4
Let p(n) = -3*n**2 - 2*n - 6. Let s = 19 - 23. Let h(y) = 7*y**2 + 3*y + 13. Let f(j) = s*h(j) - 9*p(j). Calculate f(6).
2
Let l(g) = 52*g**2 - 4*g - 7. Let y(j) = -78*j**2 + 6*j + 10. Let c(o) = -7*l(o) - 5*y(o). Determine c(-1).
27
Suppose 4*u + 5 = -3. Let h(i) = -3*i**2 - 2*i + 2*i + 2 - i. What is h(u)?
-8
Let z(p) = 5*p**2 + 12*p + 10. Let r(o) = 9*o**2 + 23*o + 19. Let b(c) = -6*r(c) + 11*z(c). Let x be (-2)/4 - 39/(-6). Determine b(x).
-4
Let p(g) = g**3 - 5*g**2 + 2*g - 5. Let y(t) = t - 3. Let m be y(8). Determine p(m).
5
Let j(a) be the third derivative of -a**5/60 + 5*a**4/24 + 5*a**3/6 - 3*a**2. Let g be j(6). Let i(n) = -7*n**2 + n + 1. Give i(g).
-7
Let c(o) = -4 + o + 2*o**3 + 2 - o**2 - 2*o**2. Let n = 54 - 84. Let s be (-48)/n + 4/10. Give c(s).
4
Let i(r) be the third derivative of -r**5/60 + 2*r**3/3 - 68*r**2. Calculate i(-3).
-5
Let g(p) = p**2 + 1. Let d(y) = 10*y**2 + 4*y + 12. Let w(u) = 11*u**2 + 4*u + 13. Let i(s) = 7*d(s) - 6*w(s). Let o(h) = 3*g(h) - i(h). Determine o(-2).
1
Let f(y) = -70*y**2 + 6*y + 11 - 3 + 69*y**2 - y. Give f(6).
2
Let c(z) = -14 - 20*z**2 - 10*z + 2*z + 21*z**2. Calculate c(10).
6
Let u(a) = a**3 - 7*a**2 + 4. Let q be u(7). Suppose w + q*w = 35. Let c(m) = m**2 - 7*m - 6. What is c(w)?
-6
Let x(u) be the second derivative of -u**6/120 + u**5/12 + u**3/6 + 5*u**2/2 - 4*u. Let o(t) be the first derivative of x(t). Determine o(5).
1
Let m(u) = -u**2 - 6 + 1 + 4*u + 4 + 0*u. Calculate m(7).
-22
Let f(y) = 5*y - 5. Let b(z) be the second derivative of 2*z + 1/2*z**2 + 0. Let r(h) = 6*b(h) + f(h). Give r(-1).
-4
Let z(l) = -39*l**3 - 5*l - l**2 + 5 - 3*l**2 + 40*l**3. What is z(5)?
5
Let r(q) = 2*q + 5. Let p be (6 + 80/(-15))/((-4)/30). Calculate r(p).
-5
Let x(u) = u**2 - 5*u + 6. Let w be x(5). Let t(p) = -p - 4*p + p**2 - 2 + w*p. Determine t(0).
-2
Let g(u) = 10 + 0 - 108*u + 107*u. Determine g(7).
3
Let v(a) = -a + 10. Let p(i) = 2*i**2 - 3*i + 3. Let z be p(2). Calculate v(z).
5
Let n(q) = -2*q + 3. Suppose 8 = -f + 2. Let g(y) = 3*y - 4*y + 2 - 2 - 2. Let u be g(f). Determine n(u).
-5
Suppose -3*d = -2*d + 2. Let p be 2/(-2)*(3 + d). Let a(m) be the third derivative of m**4/6 - 5*m**2. What is a(p)?
-4
Let m(a) = -a**3 - 5*a**2 + 6*a - 3. Suppose 0 = 5*p - b + 31, 6*p + 34 = p + 4*b. Determine m(p).
-3
Let s(j) be the third derivative of -j**5/60 + j**4/4 + j**3/3 + 2*j**2. Suppose -3 = 2*f - 13. What is s(f)?
7
Let s = 102 - 101. Let a(y) be the first derivative of 0*y**2 + 1/4*y**4 + s + 0*y**3 + 4*y. What is a(0)?
4
Let a(r) = -r**3 + 4*r**2 + 5*r - 1. Suppose -25 = -3*v - 10. Calculate a(v).
-1
Let a(g) = -5*g**3 - 3*g**2 - 11*g + 7. Let j(t) = 3 - 21*t - 6*t**2 + 14 - 9*t**3 - 4. Let